g(-13).
-16
Let y be (-9)/54*-2 + 208/6. Suppose 38*q + 9 = y*q. Let p(d) = 2 + 4*d - 4*d + d. What is p(q)?
-1
Let q be -128*23/(-920) + (-2)/10. Let p(w) be the third derivative of 0*w - 29*w**2 + 1/24*w**4 + 5/6*w**q + 0. Determine p(-9).
-4
Let x(l) = -143*l + 5. Let p(j) = 787*j - 24. Let q(z) = -2*p(z) - 11*x(z). Let t = 2 - -4. Determine q(t).
-13
Let s(b) = 3*b**3 - 4*b**2 - b + 1. Let x(g) = g**3 - 8*g**2 - 13*g + 142. Let y be x(7). Calculate s(y).
7
Let j(y) = y**3 + 5*y**2 + 6*y. Suppose -x - 566 = -4*w, 5*w - 700 = 18*x - 13*x. Let d = -146 + w. Determine j(d).
-8
Let v(g) = -g + 8. Let y be (4*1/2)/1. Let z(c) = -7*c + 6. Let t(i) = -27*i + 24. Let k(l) = -6*t(l) + 22*z(l). Let h be k(y). What is v(h)?
4
Let s(f) = f**3 + 3*f**2 - 5*f - 3. Let m = -53 - -49. Let r be s(m). Suppose z = r, 3*z - 8 = 4*n - z. Let q(c) = 2*c**2 + c + 1. Calculate q(n).
2
Let u(p) = -6*p**3 + 4*p**2 - 4*p + 2. Suppose 358*h = 351*h + 14. Calculate u(h).
-38
Let c(g) = g**3 + 5*g**2 - 36*g - 2. Let m(h) = 7*h**3 + 41*h**2 - 16*h - 69. Let z be m(-6). What is c(z)?
-2
Let n(j) = -13*j**2 - 337 + 176 - 3*j**3 + 4*j + 2*j**3 + 175 + 18*j**2. What is n(6)?
2
Let b(r) = -24*r + 5. Let q be b(-3). Let s = q + -45. Let h be (-2)/(-6) - s/6. Let i(a) = -a**2 - 4*a - 7. What is i(h)?
-12
Let w(k) be the first derivative of 5*k**2/2 + 8*k + 3045. Determine w(-1).
3
Suppose 0 = -5*b + 2 + 28. Let v be b + (-16 - (-24)/6). Let i(w) = w**2 + 5*w - 3. Give i(v).
3
Let f(g) = 39*g - 153. Let p = -360 - -364. Let u be f(p). Let w(m) = -m**2 + m - 7. Calculate w(u).
-13
Let y(b) be the second derivative of -1/12*b**4 - 2 - 5/6*b**3 - 8*b - 7/2*b**2. What is y(-6)?
-13
Suppose 354 = -26*w - 33*w. Let i(g) = -g**3 - 5*g**2 + 3*g - 8. Determine i(w).
10
Let a(b) = 28 - 6*b**2 + 72278*b**3 + 23*b**2 - 72279*b**3 - 18*b. What is a(16)?
-4
Let a(w) be the first derivative of 6*w**2 + 35*w + 8467. Determine a(-4).
-13
Suppose -18*k + 39 + 51 = 0. Let u(s) = -4*s**3 + k*s**3 - 584*s + 5 + 582*s - 4*s**2. Calculate u(5).
20
Let t(d) = -4*d - 26. Let v be t(-7). Let s(r) = -r**v + 2*r + 11*r - 18*r + 2. Let i = -31 + 27. Calculate s(i).
6
Suppose -45 + 17 = -7*g. Let b(a) = 3*a + 9. Let l(q) = q + 2. Let p(x) = g*b(x) - 11*l(x). Give p(-13).
1
Let q(x) = -x**3 + 4*x**2 + 6*x - 4. Suppose -2*k - 29 = -3*l, -3*l + 3*k = l - 37. Let w(o) = o + 5 - 2 - l + 11. Let n be w(4). Calculate q(n).
1
Let n be -7 - ((-9 - 13) + 21). Let x(q) = 48*q + 277. Calculate x(n).
-11
Let p(u) be the first derivative of u**3/3 + 9*u**2/2 + 10*u + 9. Calculate p(-7).
-4
Let q(t) = -t**3 - 14*t**2 - 7*t + 2. Let u(y) = -y**3 - 6*y**2 - 3*y + 1. Suppose p - 526 = -529. Let n(k) = p*q(k) + 7*u(k). Let j = 9 - 8. Give n(j).
-3
Let h(x) = -x**2 - 5*x - 3. Let o be (-465)/(-62)*(0 + 2). Let u(p) = -o*p + 1 + 4*p**2 - 5*p**2 - 4. Let b be u(-15). What is h(b)?
3
Let u(b) = 5*b + 12. Let w(m) = 3*m - 70. Let s(j) = -2*u(j) - w(j). Determine s(4).
-6
Let k(z) = -z + 11. Let p be k(16). Let t(l) = 3*l**2 + 16*l + 9. Determine t(p).
4
Let v(c) = -76*c**2 + 84*c - 80. Let t(z) = -42*z**2 + 47*z - 44. Let w(l) = -20*t(l) + 11*v(l). What is w(4)?
0
Let i = 15142 - 15139. Let t(z) = -22*z + 72. Calculate t(i).
6
Let s = 9 - -6. Suppose 266*q - 263*q - s = 0. Let m(k) = -k**3 + 5*k**2 + 3*k - 6. Calculate m(q).
9
Let j(v) = 20 - 475*v + 11 + 247*v + 239*v. Determine j(-5).
-24
Let t(j) = 1348*j - 656*j - 630*j. Calculate t(-1).
-62
Let q(a) = -3*a - 12. Let r = -384 + 378. Let y be r/4*(441/27 - 13). Calculate q(y).
3
Let h(k) = -131*k**3 - k**2 + k - 2. Let d be h(1). Let u = d + 135. Let x(p) = 5*p - 1071 + u*p**2 + 2*p**2 + 1073 + p**3. What is x(-3)?
-4
Suppose 3*w - 5*g = 51, 2*g + 28 + 14 = 3*w. Let o(b) be the first derivative of -b**2 + 7*b - 5. Determine o(w).
-17
Let p(s) = s**2 - 11*s + 33. Suppose 3*r = 4*d + 30, -5*r + 2*d + 2*d + 42 = 0. Let n be p(r). Let f(h) be the second derivative of -h**3/3 - 2*h. What is f(n)?
-6
Let i be 34/(-119) + (-4)/(-14)*-6. Let s(q) = q**3 + 5*q**2 + 5*q + 1. Give s(i).
3
Let w(f) = -f**2 + 3*f + 15. Let r(a) = -a**3 - 7*a**2 + 7*a - 224. Let z be r(-10). Calculate w(z).
-3
Let h(y) be the first derivative of 5*y**2 + 8*y - 6*y**2 + 77 - 29. Determine h(-8).
24
Let v(x) = -11*x**3 - 53*x**2 + 6*x - 6. Let o be v(-5). Let t(m) = -4*m - 7 + 17*m**3 - 16*m**3 + o + 5*m**2. Calculate t(-6).
-5
Let c(f) = -f**3 + 9*f**2 + 2*f - 17. Let q = -173 + 176. Suppose -5*m - 23 = -q*h - 6*m, m = -5*h + 41. What is c(h)?
1
Let c(b) = b - 1. Let z(u) = -2*u - 11. Let a(j) = -c(j) - z(j). Let t(d) = -d**3 - 4*d**2 + 14*d + 6. Let s be t(-6). Let p be -2 + s/((-6)/(-7)). Give a(p).
3
Let c(t) = t**3 - 4*t**2 - t + 1. Let w(f) = f**3 - 4*f**2 - 2*f + 3. Let k(m) = 3*c(m) - 2*w(m). Let l(y) = 9 + 0 + y + 2 - 2*y. Let v be l(7). Determine k(v).
1
Let v(f) = -f**2 + 8*f - 5. Let n(g) = -2*g**2 - 48*g - 31. Let k be n(-22). Suppose -k = -2*h - 43. What is v(h)?
2
Let u(i) be the first derivative of -15*i**2/2 - 94*i - 9975. Determine u(-6).
-4
Let j(h) be the second derivative of -h**4/12 + 2*h**3/3 - 2*h**2 - 2*h. Suppose -79 = 2*v + 59. Let x be -71 - v - (-6 - (1 - 1)). Calculate j(x).
-4
Let s = 338 + -336. Let o be (9/s)/((10 - 12)/(-4)). Let m(k) = -k + 1. Calculate m(o).
-8
Let o = 121 - 121. Suppose 5*c - 3*c + 11 = -5*i, 2*i + 4*c + 14 = o. Let j(s) = 2 - 1 + 15*s - 13*s + 8*s**3. Determine j(i).
-9
Suppose 0 = 2*n + 6 - 14. Suppose -n*a = -2*a. Suppose -4*p + 4*y - 16 = a, -2*p - 3 = y - 1. Let w(d) = d**3 + d + 2. Determine w(p).
-8
Let h = 491 - 483. Let b(p) = 5 + h*p - p**3 - 5*p**3 - 8*p**2 + 6*p**3 + p**3. Determine b(7).
12
Let w(r) = -32*r + 5*r**2 + 7 + 4 - r**3 + 37*r. Let i = 14317 - 14311. Give w(i).
5
Let c(m) = -60 + 580*m - 67 + 599*m + 587*m - 1775*m. Calculate c(-14).
-1
Let g(a) = a - 1. Let c(y) = 42. Let z(j) = -c(j) - 2*g(j). Give z(-14).
-12
Let a(p) = p + 4. Let h(r) = 9*r**2 - 5*r + 1. Let m(s) = 90*s**2 - 51*s + 9. Let f(g) = 21*h(g) - 2*m(g). Let o be f(0). Calculate a(o).
7
Let r(m) = -m - 5. Suppose 9 = -5*w + 2*w. Let v(a) be the third derivative of a**6/120 + a**5/20 + a**4/24 - a**3/2 + 4045*a**2. Let y be v(w). Give r(y).
1
Let t(v) = -v**2 + 30*v - 248. Let y be (-9)/(225/(-100)) + -1 + 13/1. Give t(y).
-24
Let m(v) = v**3 - 6*v**2 - 7*v - 3. Let j be m(7). Let o(y) = -3*y + 1. Let i = -26 - -21. Let a(k) = -2*k + 1. Let z(g) = i*a(g) + 3*o(g). Determine z(j).
-5
Let a(f) = 4*f**2 + 10*f - 4. Suppose 2*k - 54 = 7*h, 61 = 5*k - 3*h + 42. Give a(k).
-10
Let u(l) be the second derivative of -1/12*l**4 - 2/3*l**3 + 0 - 118*l - l**2. Determine u(-4).
-2
Let b(d) = d**3 + 6*d**2 - 2*d + 6. Let v be b(-6). Let j = v - 16. Let g(t) = -j*t + 31 - 19 - 11. What is g(1)?
-1
Let l be -8 + 8 + 5*2. Let v(c) = 4 - l - 2*c - 6 - 8. What is v(-14)?
8
Suppose q - f + 3 = 2*q, -f = -5*q - 3. Suppose -3*c + 6*b = b - 21, -4*b - 12 = q. Let u(m) = 4*m + 1. Calculate u(c).
9
Suppose -2350*b + 2351*b = 12. Let x(t) = t**2 - 14*t + 17. Give x(b).
-7
Let y be 7 - -5 - ((-1)/1 - -5). Suppose 3*r + 8 = -4*i - 11, y = -2*i. Let u(d) be the first derivative of -16*d**3/3 + d + 2. Determine u(r).
-15
Let f = 584 - 578. Let k(j) = 5*j - 14. Let a(z) = 4*z - 14. Let t(y) = -4*a(y) + 3*k(y). Determine t(f).
8
Let q = 1 - -4. Suppose -z + q*z = 16. Suppose -4*u = z*f - 6*u + 4, -u + 2 = -4*f. Let w(l) = l**2 + 3. What is w(f)?
3
Let w(f) = f - 2. Let o = 1840 - 1838. Suppose -4*g + 5 = g. Suppose -o*l + g = -y - 3*l, 4 = l. Determine w(y).
-7
Let p(q) be the first derivative of -11*q**2 - 134*q + 5270. Determine p(-6).
-2
Suppose 1 = -5*d + 16. Let t(p) = 13*p**3 - 34*p**d - 5*p + 4*p**2 + 11*p**3 + 11*p**3. Calculate t(-5).
0
Let a = 129 + -135. Suppose 0 = 5*g - 5*n - 45, 3*n = -g + 3*g - 19. Let z(q) = 13*q - g*q - 3*q + 5. Determine z(a).
-7
Let a(m) be the second derivative of m**5/20 - m**4/4 - m**3/3 + m**2 + 45*m. Let p(v) = 2*v - 7. Let t be p(4). Suppose -5 = -2*l + t. Calculate a(l).
-4
Let o(d) be the first derivative of 76 + 0*d - 237*d**2 - 8*d + 235*d**2. Determine o(-4).
8
Let v(b) = b**2 - 2*b + 2. Let a be 15*(-16)/(-20) + 0 + 0. Let n be 4/(-8) - 3*(-14)/a. Calculate v(n).
5
Let p(j) be the second derivative of -j**7/2520 + j**6/720 + j**5/40 - 7*j**4/6 + j**2 -